{"id":637,"date":"2025-06-18T22:05:53","date_gmt":"2025-06-18T22:05:53","guid":{"rendered":"https:\/\/unnikarehabilitacion.es\/?page_id=637"},"modified":"2025-06-24T14:40:38","modified_gmt":"2025-06-24T14:40:38","slug":"politica-de-cookies","status":"publish","type":"page","link":"https:\/\/unnikarehabilitacion.es\/?page_id=637","title":{"rendered":"Politica de Cookies"},"content":{"rendered":"\t\t<div data-elementor-type=\"wp-page\" data-elementor-id=\"637\" class=\"elementor elementor-637\" data-elementor-post-type=\"page\">\n\t\t\t\t<div class=\"elementor-element elementor-element-3c1803b e-flex e-con-boxed e-con e-parent\" data-id=\"3c1803b\" data-element_type=\"container\" data-settings=\"{&quot;background_background&quot;:&quot;classic&quot;}\">\n\t\t\t\t\t<div class=\"e-con-inner\">\n\t\t<div class=\"elementor-element elementor-element-4816464 e-con-full e-flex e-con e-child\" data-id=\"4816464\" data-element_type=\"container\">\n\t\t\t\t<div class=\"elementor-element elementor-element-da5c2f5 elementor-widget elementor-widget-spacer\" data-id=\"da5c2f5\" data-element_type=\"widget\" data-widget_type=\"spacer.default\">\n\t\t\t\t<div class=\"elementor-widget-container\">\n\t\t\t\t\t\t\t<div class=\"elementor-spacer\">\n\t\t\t<div class=\"elementor-spacer-inner\"><\/div>\n\t\t<\/div>\n\t\t\t\t\t\t<\/div>\n\t\t\t\t<\/div>\n\t\t\t\t<\/div>\n\t\t<div class=\"elementor-element elementor-element-825fa82 e-flex e-con-boxed e-con e-child\" data-id=\"825fa82\" data-element_type=\"container\">\n\t\t\t\t\t<div class=\"e-con-inner\">\n\t\t\t\t<div class=\"elementor-element elementor-element-840b51b elementor-invisible elementor-widget elementor-widget-image\" data-id=\"840b51b\" data-element_type=\"widget\" data-settings=\"{&quot;_animation&quot;:&quot;fadeInUp&quot;}\" data-widget_type=\"image.default\">\n\t\t\t\t<div class=\"elementor-widget-container\">\n\t\t\t\t\t\t\t\t\t\t\t\t\t\t\t<img fetchpriority=\"high\" decoding=\"async\" width=\"800\" height=\"800\" src=\"https:\/\/unnikarehabilitacion.es\/wp-content\/uploads\/2025\/06\/Marca-2.png\" class=\"attachment-large size-large wp-image-306\" alt=\"\" srcset=\"https:\/\/unnikarehabilitacion.es\/wp-content\/uploads\/2025\/06\/Marca-2.png 959w, https:\/\/unnikarehabilitacion.es\/wp-content\/uploads\/2025\/06\/Marca-2-300x300.png 300w, https:\/\/unnikarehabilitacion.es\/wp-content\/uploads\/2025\/06\/Marca-2-150x150.png 150w, https:\/\/unnikarehabilitacion.es\/wp-content\/uploads\/2025\/06\/Marca-2-768x768.png 768w\" sizes=\"(max-width: 800px) 100vw, 800px\" \/>\t\t\t\t\t\t\t\t\t\t\t\t\t\t\t<\/div>\n\t\t\t\t<\/div>\n\t\t\t\t<div class=\"elementor-element elementor-element-58ce86b elementor-widget-divider--view-line elementor-widget elementor-widget-divider\" data-id=\"58ce86b\" data-element_type=\"widget\" data-widget_type=\"divider.default\">\n\t\t\t\t<div class=\"elementor-widget-container\">\n\t\t\t\t\t\t\t<div class=\"elementor-divider\">\n\t\t\t<span class=\"elementor-divider-separator\">\n\t\t\t\t\t\t<\/span>\n\t\t<\/div>\n\t\t\t\t\t\t<\/div>\n\t\t\t\t<\/div>\n\t\t\t\t<div class=\"elementor-element elementor-element-5367b31 elementor-invisible elementor-widget elementor-widget-heading\" data-id=\"5367b31\" data-element_type=\"widget\" data-settings=\"{&quot;_animation&quot;:&quot;fadeInDown&quot;}\" data-widget_type=\"heading.default\">\n\t\t\t\t<div class=\"elementor-widget-container\">\n\t\t\t\t\t<h1 class=\"elementor-heading-title elementor-size-default\">Pol\u00edtica de Cookies<\/h1>\t\t\t\t<\/div>\n\t\t\t\t<\/div>\n\t\t\t\t<div class=\"elementor-element elementor-element-6d1c28c elementor-widget-divider--view-line elementor-widget elementor-widget-divider\" data-id=\"6d1c28c\" data-element_type=\"widget\" data-widget_type=\"divider.default\">\n\t\t\t\t<div class=\"elementor-widget-container\">\n\t\t\t\t\t\t\t<div class=\"elementor-divider\">\n\t\t\t<span class=\"elementor-divider-separator\">\n\t\t\t\t\t\t<\/span>\n\t\t<\/div>\n\t\t\t\t\t\t<\/div>\n\t\t\t\t<\/div>\n\t\t\t\t\t<\/div>\n\t\t\t\t<\/div>\n\t\t<div class=\"elementor-element elementor-element-3d78ae0 e-con-full e-flex e-con e-child\" data-id=\"3d78ae0\" data-element_type=\"container\">\n\t\t\t\t<div class=\"elementor-element elementor-element-296bf4f elementor-view-default elementor-widget elementor-widget-icon\" data-id=\"296bf4f\" data-element_type=\"widget\" data-widget_type=\"icon.default\">\n\t\t\t\t<div class=\"elementor-widget-container\">\n\t\t\t\t\t\t\t<div class=\"elementor-icon-wrapper\">\n\t\t\t<a class=\"elementor-icon elementor-animation-shrink\" href=\"#cookies\">\n\t\t\t<svg aria-hidden=\"true\" class=\"e-font-icon-svg e-fas-chevron-down\" viewBox=\"0 0 448 512\" xmlns=\"http:\/\/www.w3.org\/2000\/svg\"><path d=\"M207.029 381.476L12.686 187.132c-9.373-9.373-9.373-24.569 0-33.941l22.667-22.667c9.357-9.357 24.522-9.375 33.901-.04L224 284.505l154.745-154.021c9.379-9.335 24.544-9.317 33.901.04l22.667 22.667c9.373 9.373 9.373 24.569 0 33.941L240.971 381.476c-9.373 9.372-24.569 9.372-33.942 0z\"><\/path><\/svg>\t\t\t<\/a>\n\t\t<\/div>\n\t\t\t\t\t\t<\/div>\n\t\t\t\t<\/div>\n\t\t\t\t<\/div>\n\t\t\t\t\t<\/div>\n\t\t\t\t<\/div>\n\t\t<div class=\"elementor-element elementor-element-a7f2f3b e-flex e-con-boxed e-con e-parent\" data-id=\"a7f2f3b\" data-element_type=\"container\" id=\"cookies\">\n\t\t\t\t\t<div class=\"e-con-inner\">\n\t\t\t\t<div class=\"elementor-element elementor-element-d662bf3 elementor-widget elementor-widget-spacer\" data-id=\"d662bf3\" data-element_type=\"widget\" data-widget_type=\"spacer.default\">\n\t\t\t\t<div class=\"elementor-widget-container\">\n\t\t\t\t\t\t\t<div class=\"elementor-spacer\">\n\t\t\t<div class=\"elementor-spacer-inner\"><\/div>\n\t\t<\/div>\n\t\t\t\t\t\t<\/div>\n\t\t\t\t<\/div>\n\t\t\t\t<div class=\"elementor-element elementor-element-f14d990 elementor-widget elementor-widget-text-editor\" data-id=\"f14d990\" data-element_type=\"widget\" data-widget_type=\"text-editor.default\">\n\t\t\t\t<div class=\"elementor-widget-container\">\n\t\t\t\t\t\t\t\t\t<p data-start=\"187\" data-end=\"486\"><strong data-start=\"187\" data-end=\"206\">Uso de cookies.<\/strong><br data-start=\"206\" data-end=\"209\" \/>Utilizamos cookies de terceros que analizan de forma estad\u00edstica el uso que haces de nuestra web para mejorar nuestros contenidos. Si contin\u00faas navegando, consideramos que aceptas su uso. Puedes cambiar la configuraci\u00f3n u obtener m\u00e1s informaci\u00f3n en nuestra Pol\u00edtica de Cookies.<\/p><hr data-start=\"488\" data-end=\"491\" \/><p data-start=\"521\" data-end=\"853\">Las cookies son archivos que se descargan en tu dispositivo al acceder a determinadas p\u00e1ginas web. Estas permiten que un sitio web almacene y recupere informaci\u00f3n sobre los h\u00e1bitos de navegaci\u00f3n de los usuarios y, dependiendo de la informaci\u00f3n que contengan y del uso que se haga del dispositivo, pueden utilizarse para reconocerte.<\/p><p data-start=\"855\" data-end=\"1211\">Las cookies que utilizamos en esta web solo recopilan informaci\u00f3n estad\u00edstica como el n\u00famero de p\u00e1ginas visitadas, la localizaci\u00f3n aproximada del usuario (seg\u00fan la direcci\u00f3n IP), la frecuencia de visitas, el tiempo de navegaci\u00f3n, el navegador o el dispositivo utilizado. En ning\u00fan caso se recogen datos personales como nombre, apellidos o direcci\u00f3n postal.<\/p><p data-start=\"1213\" data-end=\"1369\">En <span style=\"color: #2d3a1b;\"><strong data-start=\"1216\" data-end=\"1247\"><a class=\"\" style=\"color: #2d3a1b;\" href=\"http:\/\/www.unnikarehabilitacion.es\" target=\"_new\" rel=\"noopener\" data-start=\"1218\" data-end=\"1245\">www.unnikarehabilitacion.es<\/a><\/strong><\/span> utilizamos cookies generadas por <strong data-start=\"1281\" data-end=\"1301\">Google Analytics<\/strong>. A continuaci\u00f3n, detallamos las principales cookies y su finalidad:<\/p><ul data-start=\"1371\" data-end=\"2006\"><li data-start=\"1371\" data-end=\"1495\"><p data-start=\"1373\" data-end=\"1495\"><strong data-start=\"1373\" data-end=\"1384\">__utma:<\/strong> Caduca a los 2 a\u00f1os. Genera un ID \u00fanico para cada usuario y registra la fecha de la primera y \u00faltima visita.<\/p><\/li><li data-start=\"1496\" data-end=\"1638\"><p data-start=\"1498\" data-end=\"1638\"><strong data-start=\"1498\" data-end=\"1509\">__utmb:<\/strong> Caduca a los 30 minutos. Registra la hora de entrada del usuario y se usa para calcular el tiempo de permanencia en la p\u00e1gina.<\/p><\/li><li data-start=\"1639\" data-end=\"1745\"><p data-start=\"1641\" data-end=\"1745\"><strong data-start=\"1641\" data-end=\"1652\">__utmc:<\/strong> Tiene una funci\u00f3n similar a __utmb pero para versiones antiguas del c\u00f3digo de seguimiento.<\/p><\/li><li data-start=\"1746\" data-end=\"1888\"><p data-start=\"1748\" data-end=\"1888\"><strong data-start=\"1748\" data-end=\"1759\">__utmz:<\/strong> Caduca a los 6 meses. Almacena el origen del usuario (motor de b\u00fasqueda, enlace, campa\u00f1a, etc.) y se actualiza en cada visita.<\/p><\/li><li data-start=\"1889\" data-end=\"2006\"><p data-start=\"1891\" data-end=\"2006\"><strong data-start=\"1891\" data-end=\"1901\">texto:<\/strong> Determina si el usuario ya ha le\u00eddo y aceptado la pol\u00edtica de cookies para no volver a mostrar el aviso.<\/p><\/li><\/ul><hr data-start=\"2008\" data-end=\"2011\" \/><p data-start=\"2013\" data-end=\"2039\"><strong data-start=\"2017\" data-end=\"2039\">Gesti\u00f3n de cookies<\/strong><\/p><p data-start=\"2041\" data-end=\"2235\">Puedes permitir, bloquear o eliminar las cookies instaladas en tu equipo mediante la configuraci\u00f3n del navegador. Aqu\u00ed tienes los enlaces a las instrucciones para los navegadores m\u00e1s utilizados:<\/p><ul data-start=\"2237\" data-end=\"2608\"><li data-start=\"2237\" data-end=\"2358\"><p data-start=\"2239\" data-end=\"2358\"><strong data-start=\"2239\" data-end=\"2261\">Internet Explorer:<\/strong> <span style=\"color: #2d3a1b;\"><a class=\"\" style=\"color: #2d3a1b;\" href=\"https:\/\/support.microsoft.com\/es-es\/help\/17442\/windows-internet-explorer-delete-manage-cookies\" target=\"_new\" rel=\"noopener\" data-start=\"2262\" data-end=\"2356\">https:\/\/support.microsoft.com\/es-es\/help\/17442\/windows-internet-explorer-delete-manage-cookies<\/a><\/span><\/p><\/li><li data-start=\"2359\" data-end=\"2475\"><p data-start=\"2361\" data-end=\"2475\"><strong data-start=\"2361\" data-end=\"2373\">Firefox:<\/strong> <span style=\"color: #2d3a1b;\"><a class=\"\" style=\"color: #2d3a1b;\" href=\"https:\/\/support.mozilla.org\/es\/kb\/habilitar-y-deshabilitar-cookies-sitios-web-rastrear-preferencias\" target=\"_new\" rel=\"noopener\" data-start=\"2374\" data-end=\"2473\">https:\/\/support.mozilla.org\/es\/kb\/habilitar-y-deshabilitar-cookies-sitios-web-rastrear-preferencias<\/a><\/span><\/p><\/li><li data-start=\"2476\" data-end=\"2557\"><p data-start=\"2478\" data-end=\"2557\"><strong data-start=\"2478\" data-end=\"2489\">Chrome:<\/strong> <span style=\"color: #2d3a1b;\"><a class=\"\" style=\"color: #2d3a1b;\" href=\"http:\/\/support.google.com\/chrome\/bin\/answer.py?hl=es&amp;answer=95647\" target=\"_new\" rel=\"noopener\" data-start=\"2490\" data-end=\"2555\">http:\/\/support.google.com\/chrome\/bin\/answer.py?hl=es&amp;answer=95647<\/a><\/span><\/p><\/li><li data-start=\"2558\" data-end=\"2608\"><p data-start=\"2560\" data-end=\"2608\"><strong data-start=\"2560\" data-end=\"2571\">Safari:<\/strong> <span style=\"color: #2d3a1b;\"><a class=\"\" style=\"color: #2d3a1b;\" href=\"http:\/\/support.apple.com\/kb\/ph5042\" target=\"_new\" rel=\"noopener\" data-start=\"2572\" data-end=\"2606\">http:\/\/support.apple.com\/kb\/ph5042<\/a><\/span><\/p><\/li><\/ul><p data-start=\"2610\" data-end=\"2771\">Ten en cuenta que la desactivaci\u00f3n de cookies puede afectar al funcionamiento correcto de la web o limitar el acceso a determinados contenidos o funcionalidades.<\/p>\t\t\t\t\t\t\t\t<\/div>\n\t\t\t\t<\/div>\n\t\t\t\t<div class=\"elementor-element elementor-element-057e664 elementor-widget elementor-widget-spacer\" data-id=\"057e664\" data-element_type=\"widget\" data-widget_type=\"spacer.default\">\n\t\t\t\t<div class=\"elementor-widget-container\">\n\t\t\t\t\t\t\t<div class=\"elementor-spacer\">\n\t\t\t<div class=\"elementor-spacer-inner\"><\/div>\n\t\t<\/div>\n\t\t\t\t\t\t<\/div>\n\t\t\t\t<\/div>\n\t\t\t\t\t<\/div>\n\t\t\t\t<\/div>\n\t\t\t\t<\/div>\n\t\t","protected":false},"excerpt":{"rendered":"<p>Pol\u00edtica de Cookies Uso de cookies.Utilizamos cookies de terceros que analizan de forma estad\u00edstica el uso que haces de nuestra web para mejorar nuestros contenidos. Si contin\u00faas navegando, consideramos que aceptas su uso. Puedes cambiar la configuraci\u00f3n u obtener m\u00e1s informaci\u00f3n en nuestra Pol\u00edtica de Cookies. Las cookies son archivos que se descargan en tu [&hellip;]<\/p>\n","protected":false},"author":1,"featured_media":0,"parent":0,"menu_order":0,"comment_status":"closed","ping_status":"closed","template":"elementor_theme","meta":{"footnotes":""},"class_list":["post-637","page","type-page","status-publish","hentry"],"yoast_head":"<!-- This site is optimized with the Yoast SEO plugin v25.3 - https:\/\/yoast.com\/wordpress\/plugins\/seo\/ -->\n<title>Politica de Cookies - Unnika Rehabilitaci\u00f3n<\/title>\n<meta name=\"robots\" content=\"index, follow, max-snippet:-1, max-image-preview:large, max-video-preview:-1\" \/>\n<link rel=\"canonical\" href=\"https:\/\/unnikarehabilitacion.es\/?page_id=637\" \/>\n<meta property=\"og:locale\" content=\"es_ES\" \/>\n<meta property=\"og:type\" content=\"article\" \/>\n<meta property=\"og:title\" content=\"Politica de Cookies - Unnika Rehabilitaci\u00f3n\" \/>\n<meta property=\"og:description\" content=\"Pol\u00edtica de Cookies Uso de cookies.Utilizamos cookies de terceros que analizan de forma estad\u00edstica el uso que haces de nuestra web para mejorar nuestros contenidos. Si contin\u00faas navegando, consideramos que aceptas su uso. Puedes cambiar la configuraci\u00f3n u obtener m\u00e1s informaci\u00f3n en nuestra Pol\u00edtica de Cookies. Las cookies son archivos que se descargan en tu [&hellip;]\" \/>\n<meta property=\"og:url\" content=\"https:\/\/unnikarehabilitacion.es\/?page_id=637\" \/>\n<meta property=\"og:site_name\" content=\"Unnika Rehabilitaci\u00f3n\" \/>\n<meta property=\"article:modified_time\" content=\"2025-06-24T14:40:38+00:00\" \/>\n<meta property=\"og:image\" content=\"https:\/\/unnikarehabilitacion.es\/wp-content\/uploads\/2025\/06\/Marca-2.png\" \/>\n\t<meta property=\"og:image:width\" content=\"959\" \/>\n\t<meta property=\"og:image:height\" content=\"959\" \/>\n\t<meta property=\"og:image:type\" content=\"image\/png\" \/>\n<meta name=\"twitter:card\" content=\"summary_large_image\" \/>\n<meta name=\"twitter:label1\" content=\"Tiempo de lectura\" \/>\n\t<meta name=\"twitter:data1\" content=\"2 minutos\" \/>\n<script type=\"application\/ld+json\" class=\"yoast-schema-graph\">{\"@context\":\"https:\/\/schema.org\",\"@graph\":[{\"@type\":\"WebPage\",\"@id\":\"https:\/\/unnikarehabilitacion.es\/?page_id=637\",\"url\":\"https:\/\/unnikarehabilitacion.es\/?page_id=637\",\"name\":\"Politica de Cookies - Unnika Rehabilitaci\u00f3n\",\"isPartOf\":{\"@id\":\"https:\/\/unnikarehabilitacion.es\/#website\"},\"primaryImageOfPage\":{\"@id\":\"https:\/\/unnikarehabilitacion.es\/?page_id=637#primaryimage\"},\"image\":{\"@id\":\"https:\/\/unnikarehabilitacion.es\/?page_id=637#primaryimage\"},\"thumbnailUrl\":\"https:\/\/unnikarehabilitacion.es\/wp-content\/uploads\/2025\/06\/Marca-2.png\",\"datePublished\":\"2025-06-18T22:05:53+00:00\",\"dateModified\":\"2025-06-24T14:40:38+00:00\",\"breadcrumb\":{\"@id\":\"https:\/\/unnikarehabilitacion.es\/?page_id=637#breadcrumb\"},\"inLanguage\":\"es\",\"potentialAction\":[{\"@type\":\"ReadAction\",\"target\":[\"https:\/\/unnikarehabilitacion.es\/?page_id=637\"]}]},{\"@type\":\"ImageObject\",\"inLanguage\":\"es\",\"@id\":\"https:\/\/unnikarehabilitacion.es\/?page_id=637#primaryimage\",\"url\":\"https:\/\/unnikarehabilitacion.es\/wp-content\/uploads\/2025\/06\/Marca-2.png\",\"contentUrl\":\"https:\/\/unnikarehabilitacion.es\/wp-content\/uploads\/2025\/06\/Marca-2.png\",\"width\":959,\"height\":959},{\"@type\":\"BreadcrumbList\",\"@id\":\"https:\/\/unnikarehabilitacion.es\/?page_id=637#breadcrumb\",\"itemListElement\":[{\"@type\":\"ListItem\",\"position\":1,\"name\":\"Portada\",\"item\":\"https:\/\/unnikarehabilitacion.es\/\"},{\"@type\":\"ListItem\",\"position\":2,\"name\":\"Politica de Cookies\"}]},{\"@type\":\"WebSite\",\"@id\":\"https:\/\/unnikarehabilitacion.es\/#website\",\"url\":\"https:\/\/unnikarehabilitacion.es\/\",\"name\":\"Unnika Rehabilitaci\u00f3n\",\"description\":\"\",\"potentialAction\":[{\"@type\":\"SearchAction\",\"target\":{\"@type\":\"EntryPoint\",\"urlTemplate\":\"https:\/\/unnikarehabilitacion.es\/?s={search_term_string}\"},\"query-input\":{\"@type\":\"PropertyValueSpecification\",\"valueRequired\":true,\"valueName\":\"search_term_string\"}}],\"inLanguage\":\"es\"}]}<\/script>\n<!-- \/ Yoast SEO plugin. -->","yoast_head_json":{"title":"Politica de Cookies - Unnika Rehabilitaci\u00f3n","robots":{"index":"index","follow":"follow","max-snippet":"max-snippet:-1","max-image-preview":"max-image-preview:large","max-video-preview":"max-video-preview:-1"},"canonical":"https:\/\/unnikarehabilitacion.es\/?page_id=637","og_locale":"es_ES","og_type":"article","og_title":"Politica de Cookies - Unnika Rehabilitaci\u00f3n","og_description":"Pol\u00edtica de Cookies Uso de cookies.Utilizamos cookies de terceros que analizan de forma estad\u00edstica el uso que haces de nuestra web para mejorar nuestros contenidos. Si contin\u00faas navegando, consideramos que aceptas su uso. Puedes cambiar la configuraci\u00f3n u obtener m\u00e1s informaci\u00f3n en nuestra Pol\u00edtica de Cookies. Las cookies son archivos que se descargan en tu [&hellip;]","og_url":"https:\/\/unnikarehabilitacion.es\/?page_id=637","og_site_name":"Unnika Rehabilitaci\u00f3n","article_modified_time":"2025-06-24T14:40:38+00:00","og_image":[{"width":959,"height":959,"url":"https:\/\/unnikarehabilitacion.es\/wp-content\/uploads\/2025\/06\/Marca-2.png","type":"image\/png"}],"twitter_card":"summary_large_image","twitter_misc":{"Tiempo de lectura":"2 minutos"},"schema":{"@context":"https:\/\/schema.org","@graph":[{"@type":"WebPage","@id":"https:\/\/unnikarehabilitacion.es\/?page_id=637","url":"https:\/\/unnikarehabilitacion.es\/?page_id=637","name":"Politica de Cookies - Unnika Rehabilitaci\u00f3n","isPartOf":{"@id":"https:\/\/unnikarehabilitacion.es\/#website"},"primaryImageOfPage":{"@id":"https:\/\/unnikarehabilitacion.es\/?page_id=637#primaryimage"},"image":{"@id":"https:\/\/unnikarehabilitacion.es\/?page_id=637#primaryimage"},"thumbnailUrl":"https:\/\/unnikarehabilitacion.es\/wp-content\/uploads\/2025\/06\/Marca-2.png","datePublished":"2025-06-18T22:05:53+00:00","dateModified":"2025-06-24T14:40:38+00:00","breadcrumb":{"@id":"https:\/\/unnikarehabilitacion.es\/?page_id=637#breadcrumb"},"inLanguage":"es","potentialAction":[{"@type":"ReadAction","target":["https:\/\/unnikarehabilitacion.es\/?page_id=637"]}]},{"@type":"ImageObject","inLanguage":"es","@id":"https:\/\/unnikarehabilitacion.es\/?page_id=637#primaryimage","url":"https:\/\/unnikarehabilitacion.es\/wp-content\/uploads\/2025\/06\/Marca-2.png","contentUrl":"https:\/\/unnikarehabilitacion.es\/wp-content\/uploads\/2025\/06\/Marca-2.png","width":959,"height":959},{"@type":"BreadcrumbList","@id":"https:\/\/unnikarehabilitacion.es\/?page_id=637#breadcrumb","itemListElement":[{"@type":"ListItem","position":1,"name":"Portada","item":"https:\/\/unnikarehabilitacion.es\/"},{"@type":"ListItem","position":2,"name":"Politica de Cookies"}]},{"@type":"WebSite","@id":"https:\/\/unnikarehabilitacion.es\/#website","url":"https:\/\/unnikarehabilitacion.es\/","name":"Unnika Rehabilitaci\u00f3n","description":"","potentialAction":[{"@type":"SearchAction","target":{"@type":"EntryPoint","urlTemplate":"https:\/\/unnikarehabilitacion.es\/?s={search_term_string}"},"query-input":{"@type":"PropertyValueSpecification","valueRequired":true,"valueName":"search_term_string"}}],"inLanguage":"es"}]}},"_links":{"self":[{"href":"https:\/\/unnikarehabilitacion.es\/index.php?rest_route=\/wp\/v2\/pages\/637","targetHints":{"allow":["GET"]}}],"collection":[{"href":"https:\/\/unnikarehabilitacion.es\/index.php?rest_route=\/wp\/v2\/pages"}],"about":[{"href":"https:\/\/unnikarehabilitacion.es\/index.php?rest_route=\/wp\/v2\/types\/page"}],"author":[{"embeddable":true,"href":"https:\/\/unnikarehabilitacion.es\/index.php?rest_route=\/wp\/v2\/users\/1"}],"replies":[{"embeddable":true,"href":"https:\/\/unnikarehabilitacion.es\/index.php?rest_route=%2Fwp%2Fv2%2Fcomments&post=637"}],"version-history":[{"count":10,"href":"https:\/\/unnikarehabilitacion.es\/index.php?rest_route=\/wp\/v2\/pages\/637\/revisions"}],"predecessor-version":[{"id":1079,"href":"https:\/\/unnikarehabilitacion.es\/index.php?rest_route=\/wp\/v2\/pages\/637\/revisions\/1079"}],"wp:attachment":[{"href":"https:\/\/unnikarehabilitacion.es\/index.php?rest_route=%2Fwp%2Fv2%2Fmedia&parent=637"}],"curies":[{"name":"wp","href":"https:\/\/api.w.org\/{rel}","templated":true}]}}